 base 14, what is 2 - 240?
-23c
In base 6, what is -24 - -140?
112
In base 10, what is 64 - -2?
66
In base 8, what is 276 + 3?
301
In base 15, what is 46b + 10?
47b
In base 14, what is -2 + 140?
13c
In base 3, what is 110100 - 1?
110022
In base 8, what is -4 - -22?
16
In base 5, what is -12 - 102?
-114
In base 7, what is -120023 - -5?
-120015
In base 13, what is 4 + -200?
-1c9
In base 11, what is 592 + 0?
592
In base 14, what is d4 + -1?
d3
In base 14, what is -8 - 633?
-63b
In base 10, what is -1 - -8?
7
In base 5, what is -1 - -112230?
112224
In base 12, what is 1 + 39?
3a
In base 6, what is 10552 - -14?
11010
In base 16, what is -2 - -9a?
98
In base 3, what is 11202 + 10?
11212
In base 11, what is -64 - -5?
-5a
In base 4, what is 120132 + 11?
120203
In base 8, what is 11 + 16?
27
In base 7, what is -160 - 1?
-161
In base 9, what is -2448 - 5?
-2454
In base 9, what is 1 - 6316?
-6315
In base 16, what is -11 - 4d?
-5e
In base 9, what is 1741 - 2?
1738
In base 7, what is 10161 - 1?
10160
In base 11, what is 366 + -3?
363
In base 13, what is -5bb + -5?
-5c3
In base 5, what is -303 - -10?
-243
In base 2, what is -101 - 101000000?
-101000101
In base 10, what is -148 + 5?
-143
In base 3, what is 1111 - 121?
220
In base 3, what is 12221 + 11210?
101201
In base 15, what is 1d - -80?
9d
In base 4, what is 2022 - 2?
2020
In base 16, what is 7 + -9?
-2
In base 7, what is 6 - 153?
-144
In base 8, what is -3 + -61?
-64
In base 14, what is -20 + 2a?
a
In base 5, what is 1 + 32?
33
In base 6, what is -1203 - 22?
-1225
In base 8, what is 43 - 13?
30
In base 8, what is -57 - -5?
-52
In base 15, what is -4 + 5?
1
In base 11, what is -2 + -20?
-22
In base 9, what is -44778 - -4?
-44774
In base 16, what is -1 + 4ae?
4ad
In base 16, what is e - -4c?
5a
In base 5, what is -22444 + 3?
-22441
In base 12, what is b9 + 1?
ba
In base 2, what is 101001001 - -1110?
101010111
In base 9, what is 36 - 25?
11
In base 5, what is 0 + -44442?
-44442
In base 4, what is -11 + -10220?
-10231
In base 6, what is 134 - -1?
135
In base 6, what is 33 + -133?
-100
In base 3, what is 1101101 + -11?
1101020
In base 4, what is 10 + 1331?
2001
In base 14, what is -4109 - -1?
-4108
In base 13, what is -2786 - -4?
-2782
In base 13, what is -44 - -2?
-42
In base 11, what is -129 - -a3?
-36
In base 7, what is 10011 + -5?
10003
In base 13, what is 54 - -1?
55
In base 15, what is -b6 - 2?
-b8
In base 11, what is a3a5 - 0?
a3a5
In base 15, what is 6a - 1?
69
In base 4, what is 13212 - -11?
13223
In base 8, what is 6 - 2661?
-2653
In base 7, what is -2 - 1352?
-1354
In base 3, what is -10 + 21?
11
In base 2, what is -100 - -101100111110?
101100111010
In base 3, what is 2210 - -2200?
12110
In base 4, what is -1 + -21003?
-21010
In base 13, what is -5c5 - 2?
-5c7
In base 3, what is 10211 - -1?
10212
In base 8, what is 75 - -21?
116
In base 16, what is -2 + 14e?
14c
In base 8, what is 17 + 1314?
1333
In base 14, what is -25 + 3?
-22
In base 4, what is 22 + 220?
302
In base 3, what is -220 + 10?
-210
In base 12, what is 6 + -34?
-2a
In base 4, what is 1 + 322?
323
In base 4, what is 11 + 11010?
11021
In base 14, what is -2 - 2a?
-2c
In base 13, what is -9b - -b?
-90
In base 10, what is 139 + -4?
135
In base 5, what is -2010 + 1?
-2004
In base 7, what is 3 - 22?
-16
In base 16, what is 7 - -19?
20
In base 11, what is -34 - 2?
-36
In base 8, what is 303 + 2?
305
In base 10, what is -1352 + 6?
-1346
In base 4, what is 32 + 33011?
33103
In base 2, what is 11100 - 110011?
-10111
In base 4, what is 321 - -1?
322
In base 8, what is -2 - 554?
-556
In base 15, what is -29 - 209?
-233
In base 14, what is d8 + 5?
dd
In base 5, what is 4 + 1100?
1104
In base 5, what is 0 + 304?
304
In base 3, what is -1111112 - 11?
-1111200
In base 9, what is 237 - 0?
237
In base 2, what is -10 + -11001?
-11011
In base 10, what is -26 - -3?
-23
In base 5, what is 14342 - 23?
14314
In base 16, what is -1d9 + 4?
-1d5
In base 7, what is -3 - 333?
-336
In base 13, what is -3 - -c?
9
In base 4, what is -100123 + -11?
-100200
In base 8, what is 15 + -21?
-4
In base 3, what is 10 - -11222101?
11222111
In base 9, what is 5 + -4?
1
In base 12, what is -16 - 15?
-2b
In base 8, what is -5337 - -5?
-5332
In base 14, what is 192 - 2?
190
In base 4, what is 2001 - 3?
1332
In base 4, what is -121101 + 11?
-121030
In base 7, what is 110603 - 1?
110602
In base 9, what is 6 - -6?
13
In base 7, what is 4 - 3123?
-3116
In base 3, what is 221220 + -21?
221122
In base 8, what is 25 - 11?
14
In base 8, what is -20350 + 3?
-20345
In base 14, what is -77d - -9?
-774
In base 16, what is -280 - 1?
-281
In base 15, what is -9c + -2?
-9e
In base 11, what is 227 - 0?
227
In base 13, what is 3a + -5?
35
In base 5, what is 102 + -24?
23
In base 9, what is 33 - -214?
247
In base 2, what is -101 + 111100?
110111
In base 4, what is 20222 - 0?
20222
In base 15, what is -25 - 8?
-2d
In base 13, what is -2 + -a8?
-aa
In base 10, what is -12 - 2?
-14
In base 2, what is 1110011010001 + 100?
1110011010101
In base 7, what is 161 + -1?
160
In base 16, what is 84 - cc?
-48
In base 16, what is d3 + 4?
d7
In base 14, what is 0 + -a14?
-a14
In base 14, what is -33 + a?
-27
In base 7, what is 4 + -113?
-106
In base 5, what is 43241 + 1?
43242
In base 14, what is -7 - 29?
-32
In base 6, what is -140 - 2?
-142
In base 14, what is -1 + 58?
57
In base 12, what is -3 + 248?
245
In base 3, what is 0 - 120211?
-120211
In base 4, what is 12 + 23?
101
In base 14, what is 5cb - -5?
5d2
In base 11, what is -5 - 43?
-48
In base 3, what is 1 - -100?
101
In base 9, what is 1 + -674?
-673
In base 7, what is 2 - 106?
-104
In base 14, what is -3 + 29?
26
In base 12, what is -8 + -19a?
-1a6
In base 5, what is 1 + -112?
-111
In base 2, what is 10101 - -1001001?
1011110
In base 14, what is 5 - -c7?
cc
In base 2, what is -111 - -100011111?
100011000
In base 7, what is 4 + -30?
-23
In base 2, what is -100 - 1001100001?
-1001100101
In base 6, what is 5 - -14?
23
In base 8, what is 12 - 4076?
-4064
In base 5, what is 30 - 0?
30
In base 4, what is 3 - 123?
-120
In base 4, what is -30300 - -11?
-30223
In base 16, what is 3 + -1fd?
-1fa
In base 2, what is 1001100110011 + 10?
1001100110101
In base 15, what is 3 + -12?
-e
In base 6, what is 410 + -11?
355
In base 13, what is -4 - 28?
-2c
In base 5, what is 2 + 4320?
4322
In base 4, what is 2 - -110310?
110312
In base 13, what is 2 - -556?
558
In base 14, what is 2 - -462?
464
In base 5, what is -3 + 2003?
2000
In base 7, what is -25 + -33?
-61
In base 7, what is -4 - -1526?
1522
In base 6, what is -105 - -11?
-54
In base 13, what is -143 - 44?
-187
In base 16, what is c2 - 0?
c2
In base 8, what is 13665 - -5?
13672
In base 14, what is 99 + 0?
99
In base 3, what is 2 + -100?
-21
In base 10, what is 4 - 1251?
-1247
In base 14, what is 20 - -1d1?
211
In base 13, what is 4 - 170?
-169
In base 11, what is 78 - 2?
76
In base 13, what is 271a + 4?
2721
In base 10, what is 91 - 5?
86
In base 4, what is 222 - 123?
33
In base 9, what is -7 - 34?
-42
In base 4, what is 10 + -2023?
-2013
In base 14, what is -80 - 1?
-81
In base 16, what is 8 - -1?
9
In base 3, what is -1001 - -2?
-222
In base 12, what is 118 + 74?
190
In base 14, what is -25 - 20?
-45
In base 7, what is -6 - -10424?
10415
In base 16, what is -8f - 2?
-91
In base 10, what is 0 + -55?
-55
In base 7, what is 5 - -1240?
1245
In base 2, what is -10 + 110111?
110101
In base 11, what is -75 + 5?
-70
In base 10, what is -35 + -5?
-40
In base 15, what is 37 - -2?
39
In base 14, what is -5 + 21?
1a
In base 15, what is -29 - -d?
-1b
In base 2, what is -1 + -10101111?
-10110000
In base 15, what is 1eb0 - 0?
1eb0
In base 12, what is -143 - 59?
-1a0
In base 7, what is 2 + 1020?
1022
In base 12, what is 7a2 - -a?
7b0
In base 12, what is 1a - -3?
21
In base 5, what is -40 + 100?
10
In base 16, what is -5 - -a6?
a1
In base 16, what is 1 + 30?
31
In base 4, what is -3301 - -1012?
-2223
In base 14, what is -3 - 466?
-469
In base 2, what is 1000 - -100011010?
100100010
In base 11, what is -4 + 5?
1
In base 8, what is 103 + 5?
110
In base 2, what is 0 - -10111011?
10111011
In base 14, what is 45 - 1?
44
In base 6, what is 3 + 201?
204
In base 8, what is 13004 - 5?
12777
In base 2, what is -100 + 10011100011?
1001101